at is the remainder when 192 is divided by 24?
0
What is the remainder when 18 is divided by 16?
2
Calculate the remainder when 113 is divided by 63.
50
Calculate the remainder when 8460 is divided by 21.
18
What is the remainder when 241 is divided by 72?
25
What is the remainder when 197 is divided by 193?
4
What is the remainder when 4403 is divided by 5?
3
What is the remainder when 251 is divided by 43?
36
Calculate the remainder when 803 is divided by 401.
1
What is the remainder when 223 is divided by 3?
1
What is the remainder when 1118 is divided by 32?
30
What is the remainder when 982 is divided by 173?
117
Calculate the remainder when 844 is divided by 94.
92
What is the remainder when 368 is divided by 9?
8
What is the remainder when 1038 is divided by 346?
0
Calculate the remainder when 47 is divided by 23.
1
Calculate the remainder when 460 is divided by 6.
4
Calculate the remainder when 1624 is divided by 46.
14
Calculate the remainder when 52 is divided by 14.
10
What is the remainder when 388 is divided by 26?
24
What is the remainder when 316 is divided by 16?
12
What is the remainder when 144 is divided by 49?
46
Calculate the remainder when 99 is divided by 26.
21
What is the remainder when 416 is divided by 92?
48
Calculate the remainder when 306 is divided by 77.
75
What is the remainder when 4 is divided by 2?
0
What is the remainder when 613 is divided by 114?
43
Calculate the remainder when 107 is divided by 28.
23
What is the remainder when 344 is divided by 109?
17
Calculate the remainder when 435 is divided by 12.
3
Calculate the remainder when 139 is divided by 109.
30
Calculate the remainder when 65 is divided by 24.
17
What is the remainder when 338 is divided by 20?
18
What is the remainder when 557 is divided by 33?
29
What is the remainder when 234 is divided by 7?
3
Calculate the remainder when 12259 is divided by 28.
23
Calculate the remainder when 58 is divided by 18.
4
What is the remainder when 80 is divided by 70?
10
Calculate the remainder when 1562 is divided by 6.
2
What is the remainder when 436 is divided by 10?
6
What is the remainder when 111 is divided by 77?
34
What is the remainder when 11101 is divided by 56?
13
Calculate the remainder when 96 is divided by 55.
41
Calculate the remainder when 31 is divided by 16.
15
What is the remainder when 363 is divided by 217?
146
What is the remainder when 884 is divided by 74?
70
What is the remainder when 943 is divided by 308?
19
Calculate the remainder when 4414 is divided by 3.
1
Calculate the remainder when 58 is divided by 45.
13
What is the remainder when 174 is divided by 91?
83
Calculate the remainder when 2619 is divided by 1307.
5
Calculate the remainder when 2083 is divided by 125.
83
What is the remainder when 557 is divided by 11?
7
What is the remainder when 3384 is divided by 14?
10
What is the remainder when 185 is divided by 51?
32
What is the remainder when 7161 is divided by 421?
4
Calculate the remainder when 1059 is divided by 74.
23
What is the remainder when 1993 is divided by 12?
1
Calculate the remainder when 3863 is divided by 84.
83
Calculate the remainder when 517 is divided by 45.
22
Calculate the remainder when 542 is divided by 19.
10
What is the remainder when 26157 is divided by 327?
324
Calculate the remainder when 226 is divided by 33.
28
What is the remainder when 311 is divided by 81?
68
Calculate the remainder when 318 is divided by 29.
28
Calculate the remainder when 624 is divided by 18.
12
What is the remainder when 820 is divided by 119?
106
What is the remainder when 171 is divided by 37?
23
What is the remainder when 941 is divided by 140?
101
Calculate the remainder when 201 is divided by 21.
12
Calculate the remainder when 848 is divided by 71.
67
What is the remainder when 2098 is divided by 42?
40
What is the remainder when 332 is divided by 185?
147
Calculate the remainder when 838 is divided by 29.
26
What is the remainder when 48 is divided by 15?
3
Calculate the remainder when 3417 is divided by 171.
168
Calculate the remainder when 31 is divided by 21.
10
What is the remainder when 3051 is divided by 7?
6
Calculate the remainder when 203 is divided by 40.
3
What is the remainder when 170 is divided by 29?
25
What is the remainder when 59 is divided by 12?
11
Calculate the remainder when 298 is divided by 110.
78
What is the remainder when 1095 is divided by 6?
3
Calculate the remainder when 91788 is divided by 10.
8
Calculate the remainder when 133 is divided by 45.
43
Calculate the remainder when 341 is divided by 8.
5
Calculate the remainder when 67 is divided by 37.
30
Calculate the remainder when 2229 is divided by 45.
24
Calculate the remainder when 3181 is divided by 317.
11
What is the remainder when 446 is divided by 136?
38
Calculate the remainder when 375 is divided by 234.
141
Calculate the remainder when 157 is divided by 11.
3
What is the remainder when 452 is divided by 148?
8
What is the remainder when 560 is divided by 63?
56
Calculate the remainder when 628 is divided by 14.
12
What is the remainder when 760 is divided by 143?
45
Calculate the remainder when 493 is divided by 16.
13
What is the remainder when 319 is divided by 76?
15
Calculate the remainder when 250 is divided by 28.
26
Calculate the remainder when 429 is divided by 9.
6
Calculate the remainder when 319 is divided by 169.
150
Calculate the remainder when 946 is divided by 68.
62
Calculate the remainder when 168 is divided by 19.
16
What is the remainder when 29 is divided by 5?
4
Calculate the remainder when 4069 is divided by 1011.
25
Calculate the remainder when 593 is divided by 41.
19
What is the remainder when 49 is divided by 20?
9
What is the remainder when 114 is divided by 31?
21
Calculate the remainder when 2629 is divided by 28.
25
What is the remainder when 68 is divided by 34?
0
Calculate the remainder when 132 is divided by 28.
20
What is the remainder when 345 is divided by 32?
25
What is the remainder when 146 is divided by 97?
49
Calculate the remainder when 578 is divided by 195.
188
Calculate the remainder when 401 is divided by 81.
77
Calculate the remainder when 6726 is divided by 2233.
27
Calculate the remainder when 65 is divided by 32.
1
Calculate the remainder when 406 is divided by 103.
97
What is the remainder when 275 is divided by 101?
73
What is the remainder when 217 is divided by 19?
8
What is the remainder when 183 is divided by 31?
28
What is the remainder when 251 is divided by 18?
17
Calculate the remainder when 284 is divided by 143.
141
What is the remainder when 304 is divided by 71?
20
Calculate the remainder when 558 is divided by 33.
30
Calculate the remainder when 1294 is divided by 35.
34
What is the remainder when 137 is divided by 50?
37
Calculate the remainder when 393 is divided by 63.
15
What is the remainder when 114 is divided by 24?
18
Calculate the remainder when 700 is divided by 27.
25
Calculate the remainder when 218 is divided by 91.
36
What is the remainder when 2173 is divided by 81?
67
What is the remainder when 47 is divided by 1?
0
What is the remainder when 12579 is divided by 34?
33
Calculate the remainder when 439 is divided by 4.
3
What is the remainder when 1764 is divided by 93?
90
Calculate the remainder when 802 is divided by 202.
196
Calculate the remainder when 344 is divided by 12.
8
Calculate the remainder when 31 is divided by 5.
1
What is the remainder when 5620 is divided by 201?
193
Calculate the remainder when 1481 is divided by 7.
4
What is the remainder when 409 is divided by 5?
4
Calculate the remainder when 7484 is divided by 72.
68
Calculate the remainder when 1400 is divided by 125.
25
What is the remainder when 135 is divided by 47?
41
Calculate the remainder when 225 is divided by 206.
19
What is the remainder when 539 is divided by 80?
59
Calculate the remainder when 465 is divided by 43.
35
What is the remainder when 100 is divided by 19?
5
What is the remainder when 1428 is divided by 79?
6
Calculate the remainder when 686 is divided by 43.
41
What is the remainder when 337 is divided by 45?
22
What is the remainder when 880 is divided by 34?
30
What is the remainder when 223 is divided by 62?
37
Calculate the remainder wh